4). What is the greatest common divisor of k and 106?
53
Let i(f) = 837*f**2 + 2135*f - 4269. Let y be i(2). What is the highest common divisor of y and 17?
17
Suppose 16 = 6*y - 92. Suppose -2*w = -y*w + 2256. What is the highest common divisor of 188 and w?
47
Let d = -14 + 19. Suppose -2*g - 14 = -d*q, 3*g + 4*q + 3 = 28. Suppose 5*l - 40 = -g*y, -l = -y + 4*y - 44. What is the highest common factor of 3 and y?
3
Let p = -377 - -539. Let b = -371811 + 372378. Calculate the highest common factor of p and b.
81
Let j be -3 + (-1)/(1/(-23)). Let z be 0 + -13 + (182 - (15 + -6)). What is the highest common divisor of j and z?
20
Let k(z) = -17*z + 4209. Let d be k(25). Calculate the highest common factor of 198 and d.
22
Let l(x) = x**2 + 96*x + 1798. Let n be l(-72). Suppose -5*o = -1488 - 1662. Calculate the greatest common factor of o and n.
70
Suppose -2105 - 116 = -24*v + 443. What is the highest common factor of v and 7363?
37
Suppose -5*i + s + 3296 = -4697, -7979 = -5*i + 3*s. Calculate the highest common divisor of i and 325.
25
Let o = 1986 - -3631. Calculate the greatest common divisor of 137 and o.
137
Suppose -7*x + 305 = -38. Suppose 0 = 5*z + 15, -c + 2*z + 48 = 2*c. What is the greatest common divisor of x and c?
7
Let i(l) = -2*l**3 - 7*l**2 - 3*l - 6. Let w be i(6). Let p be 4/(-14) + w/21. Let z = 38 + p. What is the greatest common divisor of 1 and z?
1
Suppose -3*t = -9 - 342. Suppose 5*j - 151 + 61 = 0. Calculate the greatest common factor of j and t.
9
Let v = 3641 - 2401. Calculate the greatest common divisor of v and 180.
20
Suppose -3*t = -4*t + 10. Let z be (((-1064)/(-70))/19)/(80/17000). Calculate the highest common divisor of t and z.
10
Let a = -389 - -546. Suppose -158*z + 14 = -a*z. Calculate the greatest common divisor of 56 and z.
14
Let b be ((99/(-6))/3)/(2/(-4)). Let y be (-175592)/(-1034) - (0 + (-2)/b). What is the highest common factor of 34 and y?
34
Suppose 4*u + 4*a - 3092 = 3*a, 12 = -3*a. Suppose -2*r = 10*j - 862, -20*j - 2*r = -22*j + 170. Calculate the highest common divisor of j and u.
86
Let b be 63*16/144 + 18. Calculate the greatest common divisor of b and 775.
25
Let d = 799 - 678. Let j(b) = -7*b - 6*b**2 - 1 + 8*b**2 + 8. Let h be j(4). Calculate the greatest common divisor of d and h.
11
Suppose -2*t + 0*t = -r - 16, 3*t - 12 = 0. Let s(z) = 3*z + 30. Let f be s(r). Calculate the greatest common divisor of 8 and f.
2
Let v = 35 + 59. Suppose -2*q - 5*y = -v, -216 = -5*q - 0*q - 3*y. Let r be 1/((-152)/(-336) - (-4)/(-14)). Calculate the highest common factor of q and r.
6
Suppose 0 = -7*r - 7*r + 1332 - 674. Let c be (94/(-6))/(9/(-324)). What is the greatest common divisor of r and c?
47
Suppose -6*y + 32 = -5*y - x, 5*y + 2*x - 181 = 0. Let g = 22 + y. What is the highest common factor of g and 323?
19
Let r(p) = -p**3 - 3*p**2 - 46*p - 628. Let k be r(-9). What is the highest common divisor of k and 289?
17
Let a(q) = q**3 - 10*q**2 + 11*q - 17. Suppose 0 = 4*g - u - 40, 3*u + 20 = -2*u. Let y be a(g). Calculate the greatest common divisor of y and 54.
1
Let n be -8*8/(-320) + 118/10. Suppose 73 = -n*g + 661. Let o = -5 - -12. What is the greatest common divisor of g and o?
7
Let v = 13 + 24. Let n = 25156 - 24897. Calculate the greatest common divisor of n and v.
37
Let a be -3*208/60*10/(-4). Let t be (-5 - a/(-2))/(2/(-10)). Let x be (-192)/t + 2/10. What is the greatest common factor of x and 115?
5
Let n = 102 - 72. Let b(y) = -13*y**3 + y - 2. Let p be b(1). Let x be -1 - p/(34/6 - 5). What is the highest common divisor of n and x?
10
Suppose 388 = 3*s - 395. Let y = 35 + -6. Calculate the greatest common factor of s and y.
29
Suppose -5*p - 6*y = -3*y + 1238, 987 = -4*p + y. Let m = p - -519. Calculate the greatest common factor of 17 and m.
17
Suppose -3*z - 6*b = -3*b + 27, 0 = 5*z - 3*b + 85. Let n be 2/z*(-1 + -6). Calculate the highest common divisor of n and 1.
1
Let v(c) = c**3 - 17*c**2 - 17*c + 66. Let j be v(18). Suppose 2*b = -4*b + 2268. Calculate the highest common divisor of j and b.
42
Let y(n) = 226*n**2 - 54*n + 252. Let t be y(5). Calculate the highest common factor of t and 44.
44
Let d(g) = -6*g**2 + 382*g + 127. Let c be d(62). Calculate the greatest common factor of c and 3.
3
Let v = 285 + -160. Let d = 122 - v. Let w be (1 + (d - 0))/(1/(-32)). What is the highest common factor of 32 and w?
32
Let g(m) = m**3 + 96*m**2 + 185*m + 166. Let n be g(-94). What is the highest common divisor of 224 and n?
224
Suppose 3*q - 4*q = 27. Let j be (-1)/(12/15 + 294/(-380)). Let b = q - j. Calculate the highest common factor of 1 and b.
1
Suppose 13*h - 316 = -1551. Let b be (-5710)/h - (4 - 74/19). Calculate the greatest common divisor of b and 135.
15
Let p(t) = 67*t + 2693. Let x be p(-35). Calculate the greatest common divisor of 1189 and x.
29
Suppose -5*g - 10 = 0, 2*s + 3*g + g = -38. Let n be 22/4 - s/(-10). Suppose 917 = 68*h - 39*h - 939. Calculate the highest common factor of n and h.
4
Suppose 19 + 10 = 29*v. Let b be (v/(-1)*156)/(-2). Suppose m - 6*m + 130 = 0. What is the highest common divisor of b and m?
26
Let z be 7*(3/(-2) + 2)*-2. Let k be (z - -19)/4*(-1)/(-3). Suppose k + 49 = w. Calculate the greatest common divisor of w and 20.
10
Let w(v) = 11*v**2 - 9*v - 62. Let j(y) = 3*y**2 - 2*y - 15. Let z(q) = -9*j(q) + 2*w(q). Let b be z(0). Calculate the greatest common divisor of b and 352.
11
Let n be 5 + 15 + -11 - (4398*1)/(-2). Calculate the highest common divisor of 336 and n.
48
Suppose 28*z - 104 = -76. What is the highest common divisor of z and 16?
1
Let z be 500/24 - (-2)/12. Suppose -6*i - z = -9*i. Suppose -8 = -i*u + 55. What is the greatest common divisor of u and 45?
9
Suppose 4540 = 3*x - f, 4*x - 3*f - 6052 = -2*f. Calculate the highest common factor of x and 2079.
189
Let l = -3990 + 3994. What is the greatest common factor of l and 932?
4
Suppose -7*y + 29 = 1. Suppose 9 = r + y. Suppose 4*u - 13 = 2*u - n, -r*u = n - 34. What is the greatest common factor of u and 35?
7
Let q = 20 + -5. Suppose 286*b - 248850 = -113*b + 4*b. What is the highest common divisor of b and q?
15
Suppose 1299*n - 66 = -2*q + 1301*n, 0 = 2*n + 12. Let a(i) = i + 3. Let x be a(-4). Let f be 377/2 + x/(-2). Calculate the greatest common divisor of q and f.
27
Suppose 138 = 48*r - 47*r - 3*q, 5*r - 528 = -3*q. Calculate the highest common divisor of r and 156.
3
Let l(o) = -330*o + 425. Let j be l(-2). Calculate the highest common factor of j and 21.
7
Let d(w) = w**2 + 4*w - 1. Let s be d(-5). Let n = 207292 - 207282. Calculate the greatest common factor of s and n.
2
Let f = 23 - 14. Suppose -40 = -3*a + 74. Let h = a - 29. What is the greatest common factor of f and h?
9
Let v be ((17 - 6) + 96/(-36))*39. What is the greatest common divisor of 247 and v?
13
Suppose 115 = 5*g - 110. Suppose 5*z + 7 = -3, -35 = 5*i - 5*z. Let x be -6 - -13 - (i - -1). Calculate the greatest common divisor of g and x.
15
Let c = 25 + -22. Let l = 0 - -8. Suppose l = 2*n - 22. Calculate the greatest common factor of c and n.
3
Let j = -10 + 6. Let u be j + (7 + -3)/4 - -169. Suppose -2*d - 1 = -d, -u = -4*a - 2*d. Calculate the greatest common factor of a and 18.
6
Suppose 0 = -84*j + 72*j + 331884. Let y be ((-6)/(-16))/3 - j/(-56). Calculate the greatest common factor of 76 and y.
38
Let r(z) = -z**2 + 38*z + 8. Let t be r(37). Let g(p) = -p**2 + 14*p + 21. Let i be g(12). What is the greatest common divisor of t and i?
45
Suppose -62 = -21*p + 43. Calculate the highest common divisor of 5855 and p.
5
Suppose -6542 = -3*i - w + 2103, i - 2900 = -4*w. Calculate the greatest common divisor of 384 and i.
192
Suppose 8*u = 7*u + 4. Suppose 1813 = u*l + 141. Let c(w) = w**3 - 7*w**2 + 5*w + 3. Let s be c(7). Calculate the highest common factor of l and s.
38
Let q be -9 + 101 + (-11 - -7) - -3. Calculate the greatest common factor of q and 49.
7
Suppose n - 4*i = 65, -5*n + i + 161 + 202 = 0. Suppose -3*g = -4*q - 4*g + 131, 2*q = g + n. Calculate the highest common factor of q and 187.
17
Let s be -21546*(-2)/10*10. Calculate the highest common divisor of s and 126.
126
Let b(g) = 155*g + 794. Let x be b(-5). What is the greatest common divisor of 931 and x?
19
Suppose -4